701867?
4
What is the hundred thousands digit of 4120597?
1
What is the units digit of 338296791?
1
What is the hundreds digit of 45525844?
8
What is the tens digit of 95937043?
4
What is the hundred millions digit of 439656337?
4
What is the ten millions digit of 3478283685?
7
What is the millions digit of 1307763300?
7
What is the tens digit of 2403040529?
2
What is the units digit of 3749484255?
5
What is the tens digit of 568427884?
8
What is the hundreds digit of 48120406?
4
What is the ten thousands digit of 387305757?
0
What is the tens digit of 33958631?
3
What is the hundred millions digit of 5910476015?
9
What is the millions digit of 278303599?
8
What is the hundreds digit of 4086932?
9
What is the thousands digit of 657861771?
1
What is the units digit of 858801642?
2
What is the billions digit of 2396303535?
2
What is the hundred millions digit of 1338097901?
3
What is the units digit of 307250012?
2
What is the ten millions digit of 34241669?
3
What is the thousands digit of 18292056?
2
What is the hundreds digit of 69716507?
5
What is the hundred thousands digit of 70009663?
0
What is the hundred thousands digit of 1905695862?
6
What is the units digit of 77272356?
6
What is the units digit of 709367100?
0
What is the hundreds digit of 292220382?
3
What is the millions digit of 3989563?
3
What is the ten millions digit of 85034812?
8
What is the hundreds digit of 1925490554?
5
What is the hundreds digit of 1194014398?
3
What is the thousands digit of 97191931?
1
What is the ten millions digit of 1004162585?
0
What is the tens digit of 2002064617?
1
What is the hundred millions digit of 894695485?
8
What is the tens digit of 976185225?
2
What is the thousands digit of 55469543?
9
What is the ten thousands digit of 2584272237?
7
What is the tens digit of 63782417?
1
What is the tens digit of 430369974?
7
What is the ten thousands digit of 726377990?
7
What is the thousands digit of 14597963?
7
What is the millions digit of 45863170?
5
What is the tens digit of 638400987?
8
What is the ten millions digit of 667976103?
6
What is the thousands digit of 132065480?
5
What is the units digit of 4430749485?
5
What is the hundred thousands digit of 1974177081?
1
What is the units digit of 19022878?
8
What is the millions digit of 851029266?
1
What is the hundred thousands digit of 476907?
4
What is the ten millions digit of 829306445?
2
What is the hundred thousands digit of 50389243?
3
What is the thousands digit of 87456657?
6
What is the millions digit of 3524684105?
4
What is the units digit of 158759410?
0
What is the tens digit of 76833947?
4
What is the billions digit of 4415343697?
4
What is the hundred thousands digit of 130791607?
7
What is the ten thousands digit of 158330192?
3
What is the thousands digit of 5308036560?
6
What is the hundred thousands digit of 1029977119?
9
What is the hundreds digit of 42257536?
5
What is the thousands digit of 2035722919?
2
What is the hundreds digit of 48756120?
1
What is the billions digit of 5341017853?
5
What is the ten millions digit of 16944771?
1
What is the hundreds digit of 5545960?
9
What is the millions digit of 28333853?
8
What is the millions digit of 6814058111?
4
What is the hundreds digit of 85163073?
0
What is the thousands digit of 74213607?
3
What is the hundreds digit of 77098454?
4
What is the thousands digit of 6053534671?
4
What is the tens digit of 30662412?
1
What is the millions digit of 463783715?
3
What is the ten millions digit of 17704319?
1
What is the tens digit of 19752162?
6
What is the units digit of 4301657200?
0
What is the millions digit of 43314475?
3
What is the hundreds digit of 299613971?
9
What is the ten millions digit of 153480350?
5
What is the ten thousands digit of 53213403?
1
What is the hundred millions digit of 380126958?
3
What is the millions digit of 103354971?
3
What is the units digit of 1734688775?
5
What is the ten thousands digit of 40279844?
7
What is the ten thousands digit of 1172084899?
8
What is the hundreds digit of 2130687147?
1
What is the units digit of 546738268?
8
What is the units digit of 844811062?
2
What is the tens digit of 49821908?
0
What is the tens digit of 3177801?
0
What is the billions digit of 1391149736?
1
What is the millions digit of 89455160?
9
What is the billions digit of 1068306101?
1
What is the billions digit of 1232572193?
1
What is the hundreds digit of 8131077439?
4
What is the millions digit of 178800860?
8
What is the hundred thousands digit of 5098527045?
5
What is the ten thousands digit of 20737021?
3
What is the tens digit of 10870597?
9
What is the hundred millions digit of 107028397?
1
What is the hundreds digit of 45331540?
5
What is the hundred thousands digit of 397781859?
7
What is the hundreds digit of 21575531?
5
What is the units digit of 665920862?
2
What is the thousands digit of 79742069?
2
What is the ten millions digit of 24395423?
2
What is the tens digit of 15719203?
0
What is the hundred thousands digit of 63370295?
3
What is the tens digit of 7740496?
9
What is the thousands digit of 24993449?
3
What is the thousands digit of 5552189013?
9
What is the hundred millions digit of 407335180?
4
What is the thousands digit of 3304485?
4
What is the hundred thousands digit of 21324914?
3
What is the billions digit of 1786727601?
1
What is the ten thousands digit of 96631111?
3
What is the ten millions digit of 394745320?
9
What is the hundreds digit of 4210869?
8
What is the hundred thousands digit of 33542256?
5
What is the hundred thousands digit of 1700903747?
9
What is the ten millions digit of 43605405?
4
What is the tens digit of 50600821?
2
What is the millions digit of 855224214?
5
What is the ten millions digit of 38430434?
3
What is the hundreds digit of 496772995?
9
What is the thousands digit of 3666295938?
5
What is the ten thousands digit of 2142517798?
1
What is the hundreds digit of 12506242?
2
What is the hundreds digit of 2277937289?
2
What is the ten thousands digit of 8168169870?
6
What is the billions digit of 1490478580?
1
What is the millions digit of 142830373?
2
What is the millions digit of 1680897?
1
What is the hundred millions digit of 5638201010?
6
What is the ten millions digit of 2785407353?
8
What is the ten millions digit of 210082020?
1
What is the ten thousands digit of 271204185?
0
What is the units digit of 188579189?
9
What is the thousands digit of 4539504110?
4
What is the tens digit of 200432020?
2
What is the tens digit of 23627080?
8
What is the thousands digit of 789247673?
7
What is the tens digit of 16217468?
6
What is the hundreds digit of 3007348644?
6
What is the millions digit of 23090641?
3
What is the ten thousands digit of 323746117?
4
What is the hundred thousands digit of 3517838841?
8
What is the hundred thousands digit of 8525951?
5
What is the hundred thousands digit of 42198582?
1
What is the thousands digit of 262856178?
6
What is the hundred millions digit of 9622951097?
6
What is the tens digit of 150385286?
8
What is the tens digit of 251826223?
2
What is the millions digit of 94649766?
4
What is the units digit of 299628851?
1
What is the thousands digit of 38150664?
0
What is the ten thousands digit of 5265353356?
5
What is the thousands digit of 400517406?
7
What is the millions digit of 403137527?
3
What is the thousands digit of 20830420?
0
What is the tens digit of 69275769?
6
What is the thousands digit of 309354977?
4
What is the hundreds digit of 95040554?
5
What is the hundred thousands digit of 2024907769?
9
What is the thousands digit of 28247059?
7
What is the hundreds digit of 3141072311?
3
What is the hundred thousands digit of 172269410?
2
What is the tens digit of 563993196?
9
What is the hundred thousands digit of 3155433588?
4
What is the ten millions digit of 1558005305?
5
What is the hundred thousands digit of 504441640?
4
What is the hundred thousands digit of 2400944694?
9
What is the millions digit of 174886050?
4
What is the hundreds digit of 2548171?
1
What is the hundred millions digit of 3063933945?
0
What is the ten thousands digit of 699735808?
3
What is the tens digit of 3395345904?
0
What is the hundreds digit of 44341?
3
What is the hundred thousands digit of 78509518?
5
What is th